{"id":911,"date":"2021-02-22T09:46:58","date_gmt":"2021-02-22T08:46:58","guid":{"rendered":"http:\/\/fa-sol.fr\/?page_id=911"},"modified":"2025-10-29T15:42:28","modified_gmt":"2025-10-29T14:42:28","slug":"mentions-legales-et-credits","status":"publish","type":"page","link":"https:\/\/fa-sol.fr\/?page_id=911","title":{"rendered":"Mentions l\u00e9gales et Cr\u00e9dits"},"content":{"rendered":"\n<p><br><strong>Directeur de publication<\/strong><br>Nadayson Leonard &#8211; Directeur de l&rsquo;Association<\/p>\n\n\n\n<p><strong>Droit d\u2019acc\u00e8s et de rectification<\/strong> <br>Conform\u00e9ment \u00e0 la loi Informatique et Libert\u00e9s du 6 Janvier 1978, vous disposez d\u2019un droit d\u2019acc\u00e8s et de rectification aux donn\u00e9es personnelles vous concernant. Si vous souhaitez exercer ce droit, il vous suffit de nous \u00e9crire \u00e0 l\u2019adresse&nbsp;: Association FaSol &#8211; 2 all\u00e9e de Colmar 93110 Rosny-sous-Bois<br>Droits d\u2019auteur \u2013 droits de reproduction<br><\/p>\n\n\n\n<p>L\u2019ensemble de ce site rel\u00e8ve de la l\u00e9gislation fran\u00e7aise et internationale sur le droit d\u2019auteur et la propri\u00e9t\u00e9 intellectuelle. Tous les droits de reproduction sont r\u00e9serv\u00e9s&nbsp;pour tous les \u00e9l\u00e9ments du pr\u00e9sent site web (textes, photographie, illustrations, logos, fichiers disponibles en t\u00e9l\u00e9chargement, base de donn\u00e9es figurant sur le site, clips vid\u00e9o ou sonores, charte graphique, structure g\u00e9n\u00e9rale du site etc\u2026).&nbsp;La reproduction et\/ou la repr\u00e9sentation de ces \u00e9l\u00e9ments n\u2019est autoris\u00e9e qu\u2019\u00e0 des fins d\u2019information pour un usage strictement personnel et priv\u00e9. L\u2019utilisation commerciale de ces \u00e9l\u00e9ments est interdite sauf \u00e9ventuelle autorisation pr\u00e9alable&nbsp;du responsable du site.<br>La reproduction des textes sur un support papier est autoris\u00e9e dans le cadre p\u00e9dagogique, sous r\u00e9serve du respect des trois conditions suivantes&nbsp;:<\/p>\n\n\n\n<ul class=\"wp-block-list\">\n<li>gratuit\u00e9 de la diffusion<\/li>\n\n\n\n<li>respect de l\u2019int\u00e9grit\u00e9 des documents reproduits (pas de modification ni d\u2019alt\u00e9ration)<\/li>\n\n\n\n<li>citation claire et lisible de la source sous la forme suivante\u00a0:<br>\u00ab\u00a0Document issu du site Internet de l&rsquo;Association FaSol :\u00a0\u00a0http:\/\/www.fa-sol.fr Les droits de reproduction sont r\u00e9serv\u00e9s et strictement limit\u00e9s\u00a0\u00bb.<\/li>\n<\/ul>\n\n\n\n<p>Pour toute autre utilisation, veuillez nous consulter.<\/p>\n\n\n\n<p><strong>Cr\u00e9ation de liens vers le site<\/strong><br>La mise en place d\u2019un lien hypertexte pointant vers un contenu du site est autoris\u00e9e, sous r\u00e9serve de mentionner la source avec le lien hypertexte qui pointe sur le contenu du site. Les informations utilis\u00e9es ne doivent l\u2019\u00eatre qu\u2019\u00e0 des fins personnelles, associatives ou professionnelles&nbsp;; toute utilisation \u00e0 des fins commerciales ou publicitaires est exclue.<br><\/p>\n\n\n\n<p><strong>Attention&nbsp;!<\/strong> Cette autorisation ne s\u2019applique pas aux sites internet diffusant des informations \u00e0 caract\u00e8re pol\u00e9mique, pornographique, x\u00e9nophobe ou pouvant, dans une plus large mesure porter atteinte \u00e0 la sensibilit\u00e9 du plus grand nombre.<br>Informations nominatives<br><\/p>\n\n\n\n<p>Les informations recueillies aupr\u00e8s des personnes par le biais du formulaire d\u2019information ne sauraient \u00eatre utilis\u00e9es \u00e0 usage commercial ou pour un quelconque d\u00e9marchage. Toutefois, tel que l\u2019exige la loi n\u00b0\u00a078-17 du 6 janvier 1978, nous vous informons que vos r\u00e9ponses sont facultatives, que votre d\u00e9faut de r\u00e9ponse n\u2019entra\u00eenera aucune cons\u00e9quence particuli\u00e8re.<br>Les informations envoy\u00e9es sont destin\u00e9es \u00e0 l&rsquo;Association FaSol qui traitera vos demandes d\u2019informations. Vous avez un droit total d\u2019acc\u00e8s, de modification, de rectification et de suppression aux informations nominatives vous concernant.<br>Pour l\u2019exercer, adressez-vous \u00e0 Nadayson Leonard &#8211; Directeur <br>Association FaSol &#8211; 2 all\u00e9e de Colmar 93110 Rosny-sous-Bois<br><\/p>\n\n\n\n<p><strong>Confidentialit\u00e9 des courriers<\/strong> <br>Informations relatives \u00e0 l\u2019envoi de courriers \u00e9lectroniques.&nbsp;<br>Nous vous informons que&nbsp;:le secret des correspondances transmises par le r\u00e9seau Internet n\u2019est pas garanties courriers \u00e9lectroniques sont conserv\u00e9s sur support informatique le temps pour nous de fournir une r\u00e9ponse<\/p>\n\n\n\n<p><strong>Cr\u00e9dits<\/strong><br>Conception graphique et r\u00e9alisation du site\u00a0: Association FaSol<br>Photos : Association FaSol<\/p>\n","protected":false},"excerpt":{"rendered":"<p>Directeur de publicationNadayson Leonard &#8211; Directeur de l&rsquo;Association Droit d\u2019acc\u00e8s et de rectification Conform\u00e9ment \u00e0 la loi Informatique et Libert\u00e9s du 6 Janvier 1978, vous disposez d\u2019un droit d\u2019acc\u00e8s et de rectification aux donn\u00e9es personnelles vous concernant. Si vous souhaitez exercer ce droit, il vous suffit de nous \u00e9crire \u00e0 l\u2019adresse&nbsp;: Association FaSol &#8211; 2 &#8230; <a title=\"Mentions l\u00e9gales et Cr\u00e9dits\" class=\"read-more\" href=\"https:\/\/fa-sol.fr\/?page_id=911\">Read more<\/a><\/p>\n","protected":false},"author":1,"featured_media":0,"parent":0,"menu_order":0,"comment_status":"closed","ping_status":"closed","template":"","meta":{"footnotes":""},"class_list":["post-911","page","type-page","status-publish"],"_links":{"self":[{"href":"https:\/\/fa-sol.fr\/index.php?rest_route=\/wp\/v2\/pages\/911","targetHints":{"allow":["GET"]}}],"collection":[{"href":"https:\/\/fa-sol.fr\/index.php?rest_route=\/wp\/v2\/pages"}],"about":[{"href":"https:\/\/fa-sol.fr\/index.php?rest_route=\/wp\/v2\/types\/page"}],"author":[{"embeddable":true,"href":"https:\/\/fa-sol.fr\/index.php?rest_route=\/wp\/v2\/users\/1"}],"replies":[{"embeddable":true,"href":"https:\/\/fa-sol.fr\/index.php?rest_route=%2Fwp%2Fv2%2Fcomments&post=911"}],"version-history":[{"count":10,"href":"https:\/\/fa-sol.fr\/index.php?rest_route=\/wp\/v2\/pages\/911\/revisions"}],"predecessor-version":[{"id":1922,"href":"https:\/\/fa-sol.fr\/index.php?rest_route=\/wp\/v2\/pages\/911\/revisions\/1922"}],"wp:attachment":[{"href":"https:\/\/fa-sol.fr\/index.php?rest_route=%2Fwp%2Fv2%2Fmedia&parent=911"}],"curies":[{"name":"wp","href":"https:\/\/api.w.org\/{rel}","templated":true}]}}